{"id":8242,"date":"2023-10-27T19:47:56","date_gmt":"2023-10-27T17:47:56","guid":{"rendered":"https:\/\/abuelaana.com\/?post_type=product&#038;p=8242"},"modified":"2024-01-11T21:02:27","modified_gmt":"2024-01-11T20:02:27","slug":"chal-ganchillo-ani-extra-long","status":"publish","type":"product","link":"https:\/\/abuelaana.com\/index.php\/product\/chal-ganchillo-ani-extra-long\/","title":{"rendered":"Chal ganchillo Ani Extra Long"},"content":{"rendered":"<p>Chal ganchillo Ani Extra Long. Degradado en colores gris, rosa y blanco. Una nueva variante del modelo cl\u00e1sico \u00abAni\u00bb, esta vez extra largo, con m\u00e1s de dos metros para enrollarte y pasar los d\u00edas m\u00e1s fr\u00edos. 100% acr\u00edlico, adem\u00e1s de bonito, es resistente y duradero, para que la puedas usar todos los d\u00edas.<\/p>\n<p>&nbsp;<\/p>\n<p>DETALLE DEL PRODUCTO:<\/p>\n<p>&nbsp;<\/p>\n<p>Referencia: CRE21<\/p>\n<p>&nbsp;<\/p>\n<p>Chal triangular tipo \u00abAni\u00bb extra largo .<\/p>\n<p>&nbsp;<\/p>\n<p>Lana 100% acr\u00edlica. Degradado de gris a blanco, pasando por rosa, acabado con borde geom\u00e9trico.<\/p>\n<p>&nbsp;<\/p>\n<p>&nbsp;<\/p>\n<p>Peso\/Tama\u00f1o:\u00a0 430gr. \/ 215x187cm.<\/p>\n","protected":false},"excerpt":{"rendered":"<p>Chal ganchillo Ani Extra Long. Degradado en colores gris, rosa y blanco. M\u00e1s [&hellip;]<\/p>\n","protected":false},"featured_media":8246,"comment_status":"open","ping_status":"closed","template":"","meta":{"_editorskit_title_hidden":false,"_editorskit_reading_time":0,"_editorskit_is_block_options_detached":false,"_editorskit_block_options_position":"{}","_monsterinsights_skip_tracking":false,"_monsterinsights_sitenote_active":false,"_monsterinsights_sitenote_note":"","_monsterinsights_sitenote_category":0,"jetpack_post_was_ever_published":false},"product_brand":[],"product_cat":[23],"product_tag":[107,168,113],"class_list":{"0":"post-8242","1":"product","2":"type-product","3":"status-publish","4":"has-post-thumbnail","6":"product_cat-creaciones","7":"product_tag-chal","8":"product_tag-extra-largo","9":"product_tag-ganchillo","11":"first","12":"instock","13":"taxable","14":"shipping-taxable","15":"purchasable","16":"product-type-simple"},"aioseo_notices":[],"jetpack_sharing_enabled":true,"_links":{"self":[{"href":"https:\/\/abuelaana.com\/index.php\/wp-json\/wp\/v2\/product\/8242"}],"collection":[{"href":"https:\/\/abuelaana.com\/index.php\/wp-json\/wp\/v2\/product"}],"about":[{"href":"https:\/\/abuelaana.com\/index.php\/wp-json\/wp\/v2\/types\/product"}],"replies":[{"embeddable":true,"href":"https:\/\/abuelaana.com\/index.php\/wp-json\/wp\/v2\/comments?post=8242"}],"wp:featuredmedia":[{"embeddable":true,"href":"https:\/\/abuelaana.com\/index.php\/wp-json\/wp\/v2\/media\/8246"}],"wp:attachment":[{"href":"https:\/\/abuelaana.com\/index.php\/wp-json\/wp\/v2\/media?parent=8242"}],"wp:term":[{"taxonomy":"product_brand","embeddable":true,"href":"https:\/\/abuelaana.com\/index.php\/wp-json\/wp\/v2\/product_brand?post=8242"},{"taxonomy":"product_cat","embeddable":true,"href":"https:\/\/abuelaana.com\/index.php\/wp-json\/wp\/v2\/product_cat?post=8242"},{"taxonomy":"product_tag","embeddable":true,"href":"https:\/\/abuelaana.com\/index.php\/wp-json\/wp\/v2\/product_tag?post=8242"}],"curies":[{"name":"wp","href":"https:\/\/api.w.org\/{rel}","templated":true}]}}