{"id":8403,"date":"2024-02-24T19:55:32","date_gmt":"2024-02-24T18:55:32","guid":{"rendered":"https:\/\/abuelaana.com\/?post_type=product&#038;p=8403"},"modified":"2025-09-07T20:37:46","modified_gmt":"2025-09-07T18:37:46","slug":"conejito-apego-jan","status":"publish","type":"product","link":"https:\/\/abuelaana.com\/index.php\/product\/conejito-apego-jan\/","title":{"rendered":"Conejito apego Jan"},"content":{"rendered":"<p>Conejito apego Jan a ganchillo, vestido con un peto, y acompa\u00f1ado de una original zanahoria-sonajero.<\/p>\n<p>Tejido con materiales de primera calidad, hilo 100% algod\u00f3n hipoalerg\u00e9nico.<\/p>\n<p>35cm. de altura.<\/p>\n<p>Se convertir\u00e1 en el compa\u00f1ero inseparable de t\u00fa beb\u00e9, ayudando tambi\u00e9n a la estimulaci\u00f3n de sus sentidos.<\/p>\n<p>&nbsp;<\/p>\n<p>&nbsp;<\/p>\n<p>&nbsp;<\/p>\n","protected":false},"excerpt":{"rendered":"<p>Conejito apego Jan. Conejito de apego a ganchillo, vestido con un peto, y [&hellip;]<\/p>\n","protected":false},"featured_media":8406,"comment_status":"open","ping_status":"closed","template":"","meta":{"_editorskit_title_hidden":false,"_editorskit_reading_time":0,"_editorskit_is_block_options_detached":false,"_editorskit_block_options_position":"{}","_monsterinsights_skip_tracking":false,"_monsterinsights_sitenote_active":false,"_monsterinsights_sitenote_note":"","_monsterinsights_sitenote_category":0,"jetpack_post_was_ever_published":false},"product_brand":[],"product_cat":[203],"product_tag":[125,205,204,129,195,206],"class_list":{"0":"post-8403","1":"product","2":"type-product","3":"status-publish","4":"has-post-thumbnail","6":"product_cat-bebes","7":"product_tag-amigurumi","8":"product_tag-apego","9":"product_tag-bebes","10":"product_tag-conejito","11":"product_tag-muneco","12":"product_tag-sonajero","14":"first","15":"instock","16":"taxable","17":"shipping-taxable","18":"purchasable","19":"product-type-simple"},"aioseo_notices":[],"jetpack_sharing_enabled":true,"_links":{"self":[{"href":"https:\/\/abuelaana.com\/index.php\/wp-json\/wp\/v2\/product\/8403"}],"collection":[{"href":"https:\/\/abuelaana.com\/index.php\/wp-json\/wp\/v2\/product"}],"about":[{"href":"https:\/\/abuelaana.com\/index.php\/wp-json\/wp\/v2\/types\/product"}],"replies":[{"embeddable":true,"href":"https:\/\/abuelaana.com\/index.php\/wp-json\/wp\/v2\/comments?post=8403"}],"wp:featuredmedia":[{"embeddable":true,"href":"https:\/\/abuelaana.com\/index.php\/wp-json\/wp\/v2\/media\/8406"}],"wp:attachment":[{"href":"https:\/\/abuelaana.com\/index.php\/wp-json\/wp\/v2\/media?parent=8403"}],"wp:term":[{"taxonomy":"product_brand","embeddable":true,"href":"https:\/\/abuelaana.com\/index.php\/wp-json\/wp\/v2\/product_brand?post=8403"},{"taxonomy":"product_cat","embeddable":true,"href":"https:\/\/abuelaana.com\/index.php\/wp-json\/wp\/v2\/product_cat?post=8403"},{"taxonomy":"product_tag","embeddable":true,"href":"https:\/\/abuelaana.com\/index.php\/wp-json\/wp\/v2\/product_tag?post=8403"}],"curies":[{"name":"wp","href":"https:\/\/api.w.org\/{rel}","templated":true}]}}