{"id":8776,"date":"2025-03-16T19:50:19","date_gmt":"2025-03-16T18:50:19","guid":{"rendered":"https:\/\/abuelaana.com\/?post_type=product&#038;p=8776"},"modified":"2025-09-20T13:45:09","modified_gmt":"2025-09-20T11:45:09","slug":"rosa-con-soporte-sant-jordi","status":"publish","type":"product","link":"https:\/\/abuelaana.com\/index.php\/product\/rosa-con-soporte-sant-jordi\/","title":{"rendered":"Rosa con soporte Sant Jordi"},"content":{"rendered":"<p>Un regalo original y precioso para esa persona tan especial.<\/p>\n<p>Rosa ganchillo realista. Preciosa rosa roja realizada con el m\u00e1ximo detalle p\u00e9talo a p\u00e9talo hasta conseguir una flor casi real, hermosa e imperecedera.<\/p>\n<p>Base de madera con forma de coraz\u00f3n, grabado a mano con el nombre o la frase que elijas.<\/p>\n<p>Tejido con hilo 100% algod\u00f3n mercerizado.<\/p>\n<p>Tallo de madera forrado con hilo tejido.<\/p>\n","protected":false},"excerpt":{"rendered":"<p>Un regalo original y precioso para esa persona tan especial.<\/p>\n<p>Rosa ganchillo realista. Preciosa [&hellip;]<\/p>\n","protected":false},"featured_media":8778,"comment_status":"open","ping_status":"closed","template":"","meta":{"_editorskit_title_hidden":false,"_editorskit_reading_time":0,"_editorskit_is_block_options_detached":false,"_editorskit_block_options_position":"{}","_monsterinsights_skip_tracking":false,"_monsterinsights_sitenote_active":false,"_monsterinsights_sitenote_note":"","_monsterinsights_sitenote_category":0,"jetpack_post_was_ever_published":false},"product_brand":[],"product_cat":[429,431,152],"product_tag":[142,211],"class_list":{"0":"post-8776","1":"product","2":"type-product","3":"status-publish","4":"has-post-thumbnail","6":"product_cat-custom","7":"product_cat-flores","8":"product_cat-jordi","9":"product_tag-rosa","10":"product_tag-sant-jordi","12":"first","13":"onbackorder","14":"taxable","15":"shipping-taxable","16":"purchasable","17":"product-type-simple"},"aioseo_notices":[],"jetpack_sharing_enabled":true,"_links":{"self":[{"href":"https:\/\/abuelaana.com\/index.php\/wp-json\/wp\/v2\/product\/8776"}],"collection":[{"href":"https:\/\/abuelaana.com\/index.php\/wp-json\/wp\/v2\/product"}],"about":[{"href":"https:\/\/abuelaana.com\/index.php\/wp-json\/wp\/v2\/types\/product"}],"replies":[{"embeddable":true,"href":"https:\/\/abuelaana.com\/index.php\/wp-json\/wp\/v2\/comments?post=8776"}],"wp:featuredmedia":[{"embeddable":true,"href":"https:\/\/abuelaana.com\/index.php\/wp-json\/wp\/v2\/media\/8778"}],"wp:attachment":[{"href":"https:\/\/abuelaana.com\/index.php\/wp-json\/wp\/v2\/media?parent=8776"}],"wp:term":[{"taxonomy":"product_brand","embeddable":true,"href":"https:\/\/abuelaana.com\/index.php\/wp-json\/wp\/v2\/product_brand?post=8776"},{"taxonomy":"product_cat","embeddable":true,"href":"https:\/\/abuelaana.com\/index.php\/wp-json\/wp\/v2\/product_cat?post=8776"},{"taxonomy":"product_tag","embeddable":true,"href":"https:\/\/abuelaana.com\/index.php\/wp-json\/wp\/v2\/product_tag?post=8776"}],"curies":[{"name":"wp","href":"https:\/\/api.w.org\/{rel}","templated":true}]}}