{"id":9417,"date":"2025-12-07T20:43:48","date_gmt":"2025-12-07T19:43:48","guid":{"rendered":"https:\/\/abuelaana.com\/?post_type=product&#038;p=9417"},"modified":"2025-12-08T18:43:38","modified_gmt":"2025-12-08T17:43:38","slug":"angel-belen-ganchillo-2025","status":"publish","type":"product","link":"https:\/\/abuelaana.com\/index.php\/product\/angel-belen-ganchillo-2025\/","title":{"rendered":"Angel Bel\u00e9n ganchillo 2025"},"content":{"rendered":"<p>Ampl\u00eda y completa tu Nacimiento de ganchillo con esta figura de un angel: Rizos divinos, amplia t\u00fanica celeste, alas mullidas, detalles dorados. \u00a1Una preciosidad!<\/p>\n<p>Haz un bel\u00e9n de lo m\u00e1s original para celebrar la Navidad con Abuelaana.<\/p>\n<p>&nbsp;<\/p>\n<p>DETALLE DEL PRODUCTO:<\/p>\n<p>Figura de angel\u00a0 elaborado a ganchillo con lana 100% acr\u00edlica. Detalles en hilo dorado. Relleno de floca.<\/p>\n<p>Altura 18cm.<\/p>\n<p>&nbsp;<\/p>\n<p>&nbsp;<\/p>\n","protected":false},"excerpt":{"rendered":"<p>Angel Bel\u00e9n ganchillo. Ampl\u00eda y completa tu Bel\u00e9n con esta figura de angel. [&hellip;]<\/p>\n","protected":false},"featured_media":9418,"comment_status":"open","ping_status":"closed","template":"","meta":{"_editorskit_title_hidden":false,"_editorskit_reading_time":0,"_editorskit_is_block_options_detached":false,"_editorskit_block_options_position":"{}","_monsterinsights_skip_tracking":false,"_monsterinsights_sitenote_active":false,"_monsterinsights_sitenote_note":"","_monsterinsights_sitenote_category":0,"jetpack_post_was_ever_published":false},"product_brand":[],"product_cat":[15,178],"product_tag":[125,179,113,180,176],"class_list":{"0":"post-9417","1":"product","2":"type-product","3":"status-publish","4":"has-post-thumbnail","6":"product_cat-novedades","7":"product_cat-navidad","8":"product_tag-amigurumi","9":"product_tag-belen","10":"product_tag-ganchillo","11":"product_tag-nacimiento","12":"product_tag-navidad","14":"first","15":"instock","16":"taxable","17":"shipping-taxable","18":"purchasable","19":"product-type-simple"},"aioseo_notices":[],"jetpack_sharing_enabled":true,"_links":{"self":[{"href":"https:\/\/abuelaana.com\/index.php\/wp-json\/wp\/v2\/product\/9417"}],"collection":[{"href":"https:\/\/abuelaana.com\/index.php\/wp-json\/wp\/v2\/product"}],"about":[{"href":"https:\/\/abuelaana.com\/index.php\/wp-json\/wp\/v2\/types\/product"}],"replies":[{"embeddable":true,"href":"https:\/\/abuelaana.com\/index.php\/wp-json\/wp\/v2\/comments?post=9417"}],"wp:featuredmedia":[{"embeddable":true,"href":"https:\/\/abuelaana.com\/index.php\/wp-json\/wp\/v2\/media\/9418"}],"wp:attachment":[{"href":"https:\/\/abuelaana.com\/index.php\/wp-json\/wp\/v2\/media?parent=9417"}],"wp:term":[{"taxonomy":"product_brand","embeddable":true,"href":"https:\/\/abuelaana.com\/index.php\/wp-json\/wp\/v2\/product_brand?post=9417"},{"taxonomy":"product_cat","embeddable":true,"href":"https:\/\/abuelaana.com\/index.php\/wp-json\/wp\/v2\/product_cat?post=9417"},{"taxonomy":"product_tag","embeddable":true,"href":"https:\/\/abuelaana.com\/index.php\/wp-json\/wp\/v2\/product_tag?post=9417"}],"curies":[{"name":"wp","href":"https:\/\/api.w.org\/{rel}","templated":true}]}}